eds digit of 133797246?
2
What is the hundred thousands digit of 45353414?
3
What is the hundred thousands digit of 272548163?
5
What is the ten thousands digit of 1062725150?
2
What is the billions digit of 1250015992?
1
What is the units digit of 89056465?
5
What is the thousands digit of 169439960?
9
What is the thousands digit of 310716813?
6
What is the millions digit of 107486077?
7
What is the tens digit of 471753542?
4
What is the millions digit of 59271986?
9
What is the billions digit of 1822109645?
1
What is the ten millions digit of 527792128?
2
What is the units digit of 3281608548?
8
What is the units digit of 476479733?
3
What is the hundreds digit of 95501935?
9
What is the millions digit of 38447097?
8
What is the hundred thousands digit of 39688820?
6
What is the units digit of 5437099701?
1
What is the hundred millions digit of 4676023267?
6
What is the ten thousands digit of 11355701?
5
What is the hundred millions digit of 994196116?
9
What is the units digit of 42705976?
6
What is the ten millions digit of 2077697215?
7
What is the hundreds digit of 1145136578?
5
What is the tens digit of 1184647466?
6
What is the hundreds digit of 157109789?
7
What is the tens digit of 103486462?
6
What is the billions digit of 4682619010?
4
What is the millions digit of 859885948?
9
What is the millions digit of 163300390?
3
What is the hundreds digit of 345544687?
6
What is the ten millions digit of 215069699?
1
What is the millions digit of 4664402?
4
What is the hundred millions digit of 500585716?
5
What is the units digit of 377126500?
0
What is the ten thousands digit of 1471901045?
0
What is the hundred thousands digit of 91336908?
3
What is the billions digit of 2279291403?
2
What is the millions digit of 51443034?
1
What is the tens digit of 1392446045?
4
What is the units digit of 248898589?
9
What is the ten thousands digit of 180079006?
7
What is the ten thousands digit of 5544440280?
4
What is the ten thousands digit of 2060648932?
4
What is the hundreds digit of 171348669?
6
What is the hundred millions digit of 2168540579?
1
What is the hundred thousands digit of 120604880?
6
What is the hundred millions digit of 112355126?
1
What is the millions digit of 259068858?
9
What is the hundred thousands digit of 67124411?
1
What is the hundreds digit of 924479115?
1
What is the millions digit of 35548121?
5
What is the millions digit of 56678985?
6
What is the hundreds digit of 1329302684?
6
What is the millions digit of 60445529?
0
What is the millions digit of 676972321?
6
What is the thousands digit of 117735515?
5
What is the ten millions digit of 1441778917?
4
What is the thousands digit of 86635389?
5
What is the tens digit of 61376715?
1
What is the hundred millions digit of 849745797?
8
What is the hundred thousands digit of 237143752?
1
What is the hundred thousands digit of 1130595932?
5
What is the thousands digit of 29523428?
3
What is the thousands digit of 6162663?
2
What is the thousands digit of 1903798864?
8
What is the ten thousands digit of 21118458?
1
What is the thousands digit of 8474528769?
8
What is the tens digit of 1894755525?
2
What is the units digit of 132959641?
1
What is the hundreds digit of 156295396?
3
What is the ten millions digit of 29955842?
2
What is the ten millions digit of 291975506?
9
What is the thousands digit of 400561503?
1
What is the ten thousands digit of 10034602?
3
What is the thousands digit of 75069821?
9
What is the ten thousands digit of 905225386?
2
What is the hundred millions digit of 253972592?
2
What is the ten thousands digit of 46459054?
5
What is the hundred thousands digit of 1323244436?
2
What is the thousands digit of 7180563261?
3
What is the hundreds digit of 28512080?
0
What is the ten thousands digit of 372443884?
4
What is the ten thousands digit of 54844176?
4
What is the hundred millions digit of 124294525?
1
What is the ten millions digit of 724052784?
2
What is the billions digit of 1597316376?
1
What is the thousands digit of 39219139?
9
What is the hundreds digit of 41601083?
0
What is the thousands digit of 828224394?
4
What is the hundreds digit of 123079411?
4
What is the hundreds digit of 760603?
6
What is the hundreds digit of 76417073?
0
What is the millions digit of 43238214?
3
What is the hundreds digit of 82159581?
5
What is the hundreds digit of 922543973?
9
What is the hundreds digit of 156690450?
4
What is the units digit of 388417854?
4
What is the hundred thousands digit of 53191442?
1
What is the ten thousands digit of 1111700?
1
What is the units digit of 110373096?
6
What is the hundreds digit of 742166687?
6
What is the units digit of 145515801?
1
What is the units digit of 468668188?
8
What is the units digit of 76075522?
2
What is the units digit of 51934349?
9
What is the ten thousands digit of 205131398?
3
What is the hundred thousands digit of 1927737332?
7
What is the millions digit of 8677551718?
7
What is the millions digit of 1586551414?
6
What is the hundreds digit of 266125537?
5
What is the hundred thousands digit of 3240355828?
3
What is the thousands digit of 1079240133?
0
What is the units digit of 76211190?
0
What is the tens digit of 584277981?
8
What is the hundred millions digit of 1316483675?
3
What is the units digit of 23285135?
5
What is the units digit of 2015135929?
9
What is the ten millions digit of 1179787108?
7
What is the ten thousands digit of 4278355913?
5
What is the thousands digit of 2369143612?
3
What is the ten millions digit of 333481475?
3
What is the millions digit of 6739231283?
9
What is the hundred thousands digit of 3598909487?
9
What is the ten thousands digit of 505122706?
2
What is the ten millions digit of 124224854?
2
What is the hundred millions digit of 4333506229?
3
What is the thousands digit of 95203342?
3
What is the units digit of 173266200?
0
What is the ten thousands digit of 1703038940?
3
What is the units digit of 113644782?
2
What is the hundred thousands digit of 2066983874?
9
What is the ten millions digit of 36959661?
3
What is the hundred millions digit of 1778560339?
7
What is the hundred millions digit of 174121295?
1
What is the millions digit of 984350427?
4
What is the units digit of 15136515?
5
What is the millions digit of 15660789?
5
What is the millions digit of 2162668826?
2
What is the ten thousands digit of 468844803?
4
What is the thousands digit of 32092940?
2
What is the thousands digit of 408429374?
9
What is the units digit of 260696058?
8
What is the units digit of 504765450?
0
What is the units digit of 4580851789?
9
What is the ten millions digit of 407612683?
0
What is the thousands digit of 2461985666?
5
What is the thousands digit of 110355565?
5
What is the hundred millions digit of 535061710?
5
What is the units digit of 59948661?
1
What is the units digit of 105307615?
5
What is the ten millions digit of 46894138?
4
What is the tens digit of 84477301?
0
What is the hundred thousands digit of 4749862458?
8
What is the hundreds digit of 434133437?
4
What is the millions digit of 24102363?
4
What is the billions digit of 5465045595?
5
What is the hundred millions digit of 2161763749?
1
What is the ten millions digit of 378885720?
7
What is the ten millions digit of 49528311?
4
What is the units digit of 24309120?
0
What is the units digit of 44759089?
9
What is the tens digit of 636128111?
1
What is the hundred thousands digit of 86333401?
3
What is the ten thousands digit of 222017552?
1
What is the units digit of 43611028?
8
What is the ten millions digit of 416167517?
1
What is the hundred thousands digit of 52799186?
7
What is the ten millions digit of 3439004929?
3
What is the thousands digit of 1260916143?
6
What is the ten millions digit of 525127602?
2
What is the ten millions digit of 121591627?
2
What is the thousands digit of 126673355?
3
What is the hundreds digit of 230229914?
9
What is the tens digit of 11305069?
6
What is the thousands digit of 842224?
2
What is the ten millions digit of 70081818?
7
What is the ten millions digit of 489607362?
8
What is the tens digit of 517309098?
9
What is the ten thousands digit of 110625364?
2
What is the units digit of 23190720?
0
What is the hundreds digit of 14741580?
5
What is the hundr